t t = p + 0. Let q = t + -5. Let c(a) = -a**3 + 6*a**2 + 6*a + 4. Calculate c(q).
-3
Let p(m) be the second derivative of -m**5/120 + 5*m**4/24 - 5*m**3/6 + 9*m. Let u(a) be the second derivative of p(a). Let k be (-4)/(-2)*6/3. Calculate u(k).
1
Let l be 28/(-21)*6/(-4). Suppose 3*b + 208 = -c - c, 2*b + l*c + 138 = 0. Let i be b/22 + (-2)/(-11). Let x(z) = 4*z. Calculate x(i).
-12
Suppose 4*b - 7 = -15. Let m be ((-14)/b*-1)/1. Let s(k) = -6*k - 7. Let p(t) = 5*t + 6. Let z(r) = m*p(r) - 6*s(r). What is z(-4)?
-4
Suppose 5*m = -m + 864. Let y(q) = m*q + 4 + 152*q - q**2 - 293*q. What is y(5)?
-6
Let m = 192 + -190. Let o(f) be the second derivative of -6*f - 2*f**m + 1/6*f**3 + 1/12*f**4 + 0. Give o(4).
16
Suppose 69*v - 68*v + 5 = 0. Let s(o) = -o**3 - 6*o**2 - 7*o - 3. What is s(v)?
7
Let a(b) = 4*b**2 - 3*b + 3. Let x be a(1). Let w(i) be the second derivative of -1/2*i**2 - 1/3*i**4 + 2*i + 1/20*i**5 + 1/3*i**3 + 0. Calculate w(x).
7
Suppose p - 6 = 2*r, -2*r - 2 = p - 0*r. Let j(t) = 1 - 8*t**p + 8*t - 7*t + 6*t**2. What is j(-2)?
-9
Let v(t) be the third derivative of 0*t - 1/15*t**5 + 0 + t**2 - 1/2*t**3 - 1/120*t**6 + 1/24*t**4. What is v(-4)?
-7
Let z(x) = -11*x + 2. Let y(v) = 9*v - 3. Let a(s) = -6*y(s) - 5*z(s). Determine a(0).
8
Let x(r) = r + 2 - 3 - 2. Let g = 21 - 15. Suppose 0 = g*w - 4*w. Determine x(w).
-3
Let s(v) be the first derivative of v**6/120 - 2*v**5/15 + v**4/4 + v**3/3 - 12*v**2 - 1. Let k(t) be the second derivative of s(t). Give k(7).
-5
Let g(k) be the first derivative of 7/3*k**3 + 8*k - 1/2*k**2 + 13 - 1/4*k**4. Calculate g(7).
1
Let t be (29 + -28)/((-1)/7). Let d(n) = n**2 + 14*n + 48. Determine d(t).
-1
Suppose -g = 2*c + 4, 12*g = -3*c + 9*g. Let l(d) = 3*d + 11. Give l(c).
-1
Suppose 584 = 13*o + 467. Let x(c) = -c**2 + 9*c + 7. What is x(o)?
7
Let w(a) = a + 3. Let p(d) = 2*d + 7. Let q = -38 + 33. Let f(c) = q*w(c) + 2*p(c). What is f(-1)?
0
Let y be 3/7*294/63. Let o(r) = -r**3 + 4*r**2 + 10*r - 22. Give o(y).
6
Let x(u) = -1532*u - u**2 + 3072*u + u**3 - 1539*u + 3. What is x(0)?
3
Suppose -2*g - 2*w = 2*w - 8, -5*g = -w + 24. Let j(x) = x**3 + 5*x**2 + 4*x + 6. What is j(g)?
6
Let m(x) = -x**3 - 6*x**2 - 9*x + 1. Let k be m(-4). Suppose -3*h - 18 = 4*w, -3*w + w + k*h = 22. Let g(l) = -l - 1. Give g(w).
5
Let a(y) = -y**3 - 2*y**2 + 2*y + 1. Suppose 27*w - 29*w - 16 = 0. Let f be (-362)/12 - w/48. Let i be (f/25)/((-4)/(-10)). Give a(i).
4
Let a(d) = -233*d**3 + 19*d**2 - 5*d - 11. Let w(i) = -133*i**3 + 10*i**2 - 3*i - 6. Let x(p) = -4*a(p) + 7*w(p). Let h be 6/(-5)*(-3 + -2). Give x(h).
-4
Let a(f) = f**3 - 30*f**2 - 2*f + 57. Let u be a(30). Let m(o) = -o**2 - 3*o + 1. What is m(u)?
1
Let b(j) = 2*j**3 - 5*j**2 + j + 3 + 0*j - 2 - j**3. Give b(4).
-11
Suppose n = -5*k + 10, 5*n - 2*n - 2 = -k. Let a = 10 + -7. Let q(l) = -l**3 - a*l**2 + 3*l**3 + 2 - l**3 + 2*l. Determine q(k).
2
Suppose 0 = 56*c - 68*c + 48. Let y be (-4)/(-3) - 4/(-6). Suppose 2*i + y*i - 29 = 3*w, -i = 3*w + c. Let u(b) = b**2 - 6*b + 4. Give u(i).
-1
Let q(c) be the third derivative of -1/15*c**5 - 1/120*c**6 + 1/24*c**4 + 15*c**2 + 0*c - 5/6*c**3 + 0. Let n = 5 - 10. What is q(n)?
15
Let x(y) be the third derivative of 0*y**3 + 0*y + 14*y**2 - 3/8*y**4 + 0. Calculate x(-1).
9
Let r(t) = 1 - 254*t + 5*t**2 - 4*t**2 + 261*t. What is r(-5)?
-9
Let l(k) = k - 5. Let q(r) = 2. Let z(x) = -2*l(x) - 3*q(x). Let i = 2 - 5. Determine z(i).
10
Let h be ((-20)/(-8))/((-46)/(-92)). Let a(l) = -5*l**2 + 10*l - 5. Let w(j) = 14*j**2 - 29*j + 14. Let d(i) = 11*a(i) + 4*w(i). Give d(h).
-4
Let w(u) = -u - 5 + 2*u + 5*u - u**2. Let p = -306 - -310. What is w(p)?
3
Let q(l) = l**3 - 5*l**2 + 4*l + 3. Let j be q(4). Let u be (-6)/((-6)/j) - 6. Let m(k) = -2*k**2 + 1 - 5*k**3 + 4*k**3 + 4*k - 2. Determine m(u).
-4
Let y = 0 + -1. Let a(w) = -2 + 10*w**2 + 1 - 3*w**2 + 3263*w - 3265*w. Calculate a(y).
8
Let g(t) be the first derivative of 5*t**3 - 5 + 0*t - 1/2*t**2. Suppose -8*j + 3 = -5*j. Give g(j).
14
Let g = -35399/60 + 590. Let l(h) be the third derivative of -7*h**2 + 7/24*h**4 + 0*h + 0 - 1/3*h**3 - g*h**5. Give l(7).
-2
Let t(r) = r**3 - 19*r**2 - 8*r - 235. Let w be t(20). Let p(u) be the first derivative of 1/3*u**3 + 3*u**2 + w*u - 15. What is p(-5)?
0
Suppose 0 = -w - 1 - 0. Let c(i) = -i**3 + i**2 + 1. Let y = 512 + -514. Let t(k) = 7*k**3 - 3*k**2 + k - 3. Let o(q) = w*t(q) + y*c(q). What is o(1)?
-4
Let n(g) = g**3 - 7*g**2 + 3*g - 1. Let d(v) = 6*v - 54. Let j be d(10). Calculate n(j).
-19
Suppose 7*d + 90 = -3*d. Let f(t) = -4*t - 31. What is f(d)?
5
Suppose -8 = 2*c - 2. Let x(y) be the second derivative of -7*y**3/6 + 5*y**2/2 + 2*y. Let l(g) = 15*g - 11. Let z(d) = 6*l(d) + 13*x(d). What is z(c)?
2
Let n(j) = j**2 - 6. Suppose 3*b + 36 = -b. Let h(u) be the first derivative of -2*u**3/3 - u**2/2 + 13*u - 101. Let q(c) = b*n(c) - 4*h(c). Give q(3).
5
Let t(f) = -9*f**3 - 10*f**2 - 2*f - 7. Let p(q) = 7*q**3 + 9*q**2 + 2*q + 6. Let w(s) = 5*p(s) + 4*t(s). What is w(5)?
12
Let w(n) be the first derivative of -n**2/2 + 4*n - 15. Give w(0).
4
Let l(m) = -5*m**2 + 12*m - 7. Let b(p) = -11*p**2 + 23*p - 12. Let g(j) = -3*b(j) + 7*l(j). Determine g(7).
-6
Let l be 2*(-4)/4*-12. Let s(h) = 5*h - 2*h + 27 - l. Give s(-3).
-6
Let i be ((-18)/(-45))/((-2)/120*-2). Suppose 0 = 4*b + 5*x + 21, b - x + 7 = -b. Let c be -2*b/16*i. Let n(w) = -w**2 + 8*w - 7. Calculate n(c).
5
Let t(l) be the third derivative of l**6/120 - 11*l**5/60 - 17*l**4/24 + 4*l**3/3 + 7*l**2 - 8*l. Determine t(12).
-52
Let k(l) = -l**2 - 3*l - 6. Let y(m) = m**3 + 5*m**2 + 2*m - 3. Let h be y(-4). Calculate k(h).
-46
Suppose -5*z - 13*i + 10*i - 33 = 0, -z + 4*i - 25 = 0. Let s(j) = j**3 + 9*j**2 + j + 7. Calculate s(z).
-2
Let k(g) = -g**3 + g**2 - 5*g + 2. Let x(r) = 3*r**3 - 2*r**2 + 15*r - 5. Let p(y) = -11*k(y) - 4*x(y). Let q = -480 - -477. Calculate p(q).
13
Let f(k) be the second derivative of -k**6/360 - k**5/120 - k**4/24 + 5*k**3/3 - k. Let u(b) be the second derivative of f(b). What is u(-1)?
-1
Let k(p) = -7*p + 5. Let w(j) = 13*j - 11. Let o(i) = 7*k(i) + 4*w(i). Let b(h) = -6 - 4*h + 1 + 5*h. Let n(c) = 5*b(c) - 2*o(c). Give n(-4).
-3
Let u(j) = -3*j**2 + 3*j - 4. Let r(f) = f**2 + f - 1. Let a(w) = -4*r(w) + u(w). Let y = 19933 - 19932. Calculate a(y).
-8
Suppose -n = -0*n - 5. Suppose 2*r = n*r - 3. Let o(h) be the third derivative of -3*h**5/20 - h**4/12 + h**3/6 + 28*h**2. Calculate o(r).
-10
Let f = -402 - -408. Let o(n) = -3*n + 8. Give o(f).
-10
Let c(x) = 6*x + 10. Suppose -4*r = -3*l - 18, -5*l + 4*r - 25 + 3 = 0. Let k be c(l). Let v(u) = -u**3 - 3*u**2 - 2*u - 3. Calculate v(k).
-3
Let m(j) = j + 5. Let a(y) = y + 4. Let l(k) = -5*a(k) + 4*m(k). Suppose 3*u + 3 = 21. What is l(u)?
-6
Let n(w) = -4*w - 1. Let j(c) = -c**3 - c**2 + 52. Let r be j(0). Let v = r - 35. Let k = 15 - v. Calculate n(k).
7
Let d(s) be the third derivative of s**8/20160 - s**7/5040 + s**6/120 - s**5/15 - 23*s**2. Let m(k) be the third derivative of d(k). Determine m(0).
6
Suppose 3*n + 18 = 9*n. Let v(b) = 2*b**2 + 3*b**3 + 2 + 3*b**n - b**3 - 3*b - 4*b**3. What is v(-3)?
2
Let s(x) be the first derivative of -4*x**2 + x - 155. Let t = 12 - 13. Give s(t).
9
Let s(q) = q - 4. Let d = 4 + 0. Suppose -d*c + 8 + 8 = 0. Determine s(c).
0
Let x(v) be the first derivative of v**3 + 5*v**2/2 + 7*v - 96. Calculate x(-2).
9
Let d(b) = -b + 22. Suppose -x = -0 - 1, 3*l - 39 = 3*x. Determine d(l).
8
Let v(j) = -4*j - 2. Let l be (6/(-9))/((-4)/24). Suppose 0*a - 2*a = -l. Suppose 0*q = -q + a. Give v(q).
-10
Suppose -2*o + 11 = -o - 3*i, -6 = 3*i. Let l(c) be the second derivative of -c**4/12 + c**3/2 + 3*c**2/2 + 477*c. What is l(o)?
-7
Let b(a) = 2*a - 6. Suppose -22 + 2 = -4*g. Let o be b(g). Suppose o*z - 20 = 4*r, -3*r + 6*r + 16 = 2*z. Let s(u) = u + 7. What is s(r)?
1
Let n = -34 - -46. Suppose 35*x - n = 32*x. Let l(s) = s**3 - 4*s**2 + s - 3. Calculate l(x).
1
Let o = 105 + -101. Let u(c) be the third derivative of 0*c + 1/6*c**3 - 6*c**2 - 7/24*c**o + 0. Calculate u(-1).
8
Suppose n - 7 = -1. Let c(r) = -r**2 + 6*r + 1. Let w be c(n). Let u(p) = -p + 3 - w - 1. What is u(1)?
0
Suppose 7*u - 2*u + 5*a = 0, 5*a - 15 = 0. Let b(o) = -o**2 + o + 4. Determine b(u).
-8